se
Is 34 a factor of 238646?
True
Does 33 divide 1049169?
True
Does 13 divide 273155?
False
Is 67 a factor of 6160784?
True
Is 8885510 a multiple of 10?
True
Does 59 divide 1606570?
True
Does 67 divide 1016979?
False
Is 44204 a multiple of 59?
False
Is 1068438 a multiple of 7?
True
Is 6401503 a multiple of 89?
True
Is 936 a factor of 2657929?
False
Is 2 a factor of 137316?
True
Is 160105 a multiple of 45?
False
Does 82 divide 2740455?
False
Is 2 a factor of 1241733?
False
Does 602 divide 245988?
False
Is 423 a factor of 2186479?
False
Does 51 divide 4369680?
True
Is 2157508 a multiple of 1082?
True
Does 8 divide 2752072?
True
Is 4 a factor of 51443?
False
Is 104 a factor of 78350?
False
Does 89 divide 41033?
False
Is 3 a factor of 24132?
True
Does 2 divide 622182?
True
Is 10 a factor of 167530?
True
Is 12 a factor of 1118724?
True
Is 19 a factor of 232351?
True
Is 8423217 a multiple of 49?
False
Is 224 a factor of 368137?
False
Is 83 a factor of 109477?
True
Is 10 a factor of 219970?
True
Does 25 divide 3857172?
False
Does 12 divide 169286?
False
Is 24069213 a multiple of 236?
False
Is 221 a factor of 485576?
False
Does 17 divide 2404897?
False
Is 43 a factor of 41968?
True
Is 185792 a multiple of 16?
True
Does 172 divide 79120?
True
Is 31 a factor of 126937?
False
Is 14816 a multiple of 2?
True
Does 3 divide 2433?
True
Is 16 a factor of 68736?
True
Is 85 a factor of 1320390?
True
Is 788517 a multiple of 223?
False
Is 118246 a multiple of 6?
False
Does 188 divide 5000612?
True
Is 1005967 a multiple of 142?
False
Is 524076 a multiple of 6?
True
Does 34 divide 38726?
True
Is 3838590 a multiple of 14?
True
Does 38 divide 72352?
True
Is 1028802 a multiple of 353?
False
Is 570 a factor of 1838250?
True
Is 24 a factor of 1514976?
True
Is 557977 a multiple of 553?
True
Does 12 divide 1283268?
True
Does 61 divide 2107274?
False
Does 3 divide 2468343?
True
Is 203112 a multiple of 217?
True
Does 21 divide 34524?
True
Is 256 a factor of 72192?
True
Is 12664068 a multiple of 62?
False
Is 39 a factor of 9248538?
True
Is 240555 a multiple of 203?
True
Does 72 divide 51737?
False
Is 354200 a multiple of 200?
True
Is 570389 a multiple of 137?
False
Does 487 divide 359406?
True
Does 180 divide 8174340?
True
Does 79 divide 2293844?
True
Does 672 divide 2089084?
False
Is 1722 a factor of 1291130?
False
Does 164 divide 1563904?
True
Does 68 divide 468018?
False
Does 93 divide 94896?
False
Is 116 a factor of 1329254?
False
Is 195456 a multiple of 96?
True
Is 436 a factor of 449385?
False
Is 19 a factor of 2234343?
True
Is 11 a factor of 206811?
True
Does 2065 divide 10475745?
True
Is 489 a factor of 865243?
False
Does 14 divide 107372?
False
Is 698163 a multiple of 126?
False
Is 149037 a multiple of 546?
False
Is 220 a factor of 16646520?
True
Is 422 a factor of 3055562?
False
Is 1106820 a multiple of 990?
True
Does 12 divide 2162149?
False
Does 254 divide 1168830?
False
Is 11 a factor of 171589?
True
Is 7 a factor of 317079?
True
Is 380254 a multiple of 18?
False
Is 264 a factor of 5730320?
False
Is 15 a factor of 807767?
False
Is 24 a factor of 110274?
False
Does 10 divide 495560?
True
Does 49 divide 6512986?
False
Does 222 divide 1374011?
False
Does 6 divide 549432?
True
Does 116 divide 148712?
True
Is 25 a factor of 645137?
False
Is 2828884 a multiple of 43?
True
Is 807399 a multiple of 190?
False
Is 357738 a multiple of 13?
False
Is 247952 a multiple of 147?
False
Is 33 a factor of 5275972?
False
Is 9 a factor of 1473878?
False
Is 3057860 a multiple of 11?
False
Does 20 divide 9146380?
True
Is 3 a factor of 76563?
True
Is 129876 a multiple of 12?
True
Does 854 divide 5091685?
False
Does 221 divide 182767?
True
Does 48 divide 278158?
False
Is 14293195 a multiple of 56?
False
Is 126 a factor of 5123174?
False
Does 27 divide 362837?
False
Is 248 a factor of 2712872?
True
Does 13 divide 697415?
False
Is 28243 a multiple of 5?
False
Is 55 a factor of 33770?
True
Is 159 a factor of 49048?
False
Is 78 a factor of 2699114?
False
Does 6 divide 1518990?
True
Is 110 a factor of 123384?
False
Is 113 a factor of 7180547?
False
Is 459474 a multiple of 16?
False
Does 2 divide 58377?
False
Does 11 divide 130053?
True
Is 1257860 a multiple of 1090?
True
Is 47 a factor of 804676?
False
Is 55383 a multiple of 408?
False
Is 3575025 a multiple of 225?
True
Is 3 a factor of 13218?
True
Is 60 a factor of 931260?
True
Does 23 divide 56046?
False
Is 2 a factor of 606935?
False
Is 23180 a multiple of 61?
True
Is 21 a factor of 294448?
False
Does 291 divide 80898?
True
Does 22 divide 150700?
True
Does 105 divide 6715481?
False
Is 8494320 a multiple of 10?
True
Is 5380584 a multiple of 563?
False
Is 1529116 a multiple of 452?
True
Is 591 a factor of 1444404?
True
Is 1211756 a multiple of 124?
False
Is 371 a factor of 1057350?
True
Does 59 divide 525207?
False
Does 226 divide 421264?
True
Is 1145289 a multiple of 79?
False
Does 400 divide 36800?
True
Is 43 a factor of 281478?
True
Does 191 divide 10473103?
True
Does 117 divide 135144?
False
Is 18 a factor of 3103254?
True
Is 51820 a multiple of 318?
False
Is 36 a factor of 9404?
False
Is 275458 a multiple of 25?
False
Is 27 a factor of 1081404?
True
Does 16 divide 14161557?
False
Does 16 divide 838240?
True
Does 15 divide 2291377?
False
Does 17 divide 5350767?
True
Is 4 a factor of 1541388?
True
Is 7 a factor of 124678?
False
Is 1461548 a multiple of 26?
False
Is 90 a factor of 2774385?
False
Is 286 a factor of 259671?
False
Does 55 divide 929886?
False
Is 336 a factor of 18274?
False
Is 22853 a multiple of 11?
False
Is 6857 a multiple of 2?
False
Is 8219007 a multiple of 9?
True
Is 2266808 a multiple of 82?
True
Does 25 divide 588238?
False
Does 40 divide 826124?
False
Does 12 divide 10299576?
True
Is 8 a factor of 602669?
False
Is 82 a factor of 241660?
False
Is 20 a factor of 3213020?
True
Does 307 divide 611544?
True
Is 87299 a multiple of 13?
False
Is 177 a factor of 371877?
True
Is 1121760 a multiple of 738?
True
Does 39 divide 99294?
True
Is 10424106 a multiple of 63?
True
Is 8706264 a multiple of 6?
True
Does 71 divide 987468?
True
Is 54855 a multiple of 15?
True
Is 192 a factor of 1342848?
True
Does 3 divide 255593?
False
Does 3 divide 177726?
True
Does 60 divide 42780?
True
Does 2 divide 34778?
True
Does 177 divide 253110?
True
Is 4 a factor of 604184?
True
Does 622 divide 568508?
True
Is 36 a factor of 536400?
True
Is 16 a factor of 111728?
True
Is 923174 a multiple of 191?
False
Is 6384 a multiple of 38?
True
Is 43180 a multiple of 31?
False
Is 3027286 a multiple of 86?
True
Is 30 a factor of 3408720?
True
Is 19960 a multiple of 4?
True
Is 247 a factor of 25396?
False
Does 6 divide 3267163?
False
Is 2879330 a multiple of 12?
False
Does 88 divide 435053?
False
Does 232 divide 79576?
True
Is 1883358 a multiple of 18?
True
Does 10 divide 2464170?
True
Is 236098 a multiple of 9?
False
Is 83127 a multiple of 126?
False
Is 1924809 a multiple of 30?
False
Is 126070 a multiple of 26?
False
Does 10 divide 692686?
False
Is 76 a factor of 333868?
True
Does 57 divide 2000515?
False
Does 3 divide 29851?
False
Does 15 divide 31633?
False
Is 264 a factor of 2507472?
True
Does 51 divide 4848570?
True
Does 121 divide 201586?
True
Does 235 divide 297980?
True
Is 8 a factor of 14228?
False
Is 260 a factor of 184080?
True
Does 6 divide 21763704?
True
Does 117 divide 6519942?
True
Is 318 a factor of 40008852?
True
Is 9 a factor of 451479?
False
Is 80 a factor of 801280?
True
Does 108 divide 89894?
False
Is 253379 a multiple of 21?
False
Is 88 a factor of 6092?
False
Is 13391963 a multiple of 13?
True
Does 69 divide 369219?
True
Is 124 a factor of 77245?
False
Is 164873 a multiple of 27?
False
Is 80 a factor of 48837?
False
Is 20 a factor of 16193346?
False
Does 13 divide 217560?
False
Is 461949 a multiple of 182?
False
Is 27889974 a multiple of 13?
False
Is 146887 a multiple of 3?
False
Does 134 divide 171056?
False
Is 14 a factor of 284858?
True
Does 12 divide 886140?
True
Is 105 a factor of 72025?
False
Is 74 a factor of 1126494?
False
Is 24189 a multiple of 11?
True
Does 19 divide 68248?
True
Is 5142558 a multiple of 177?
True
Is 3233060 a multiple of 10?
True
Is 1022008 a multiple of 26?
True
Does 170 divide 92990?
True
Is 11 a factor of